{"id":12,"date":"2014-05-14T20:20:02","date_gmt":"2014-05-14T20:20:02","guid":{"rendered":"http:\/\/revistaunar.com.br\/cientifica\/?page_id=12"},"modified":"2014-05-14T20:31:49","modified_gmt":"2014-05-14T20:31:49","slug":"home","status":"publish","type":"page","link":"http:\/\/revistaunar.com.br\/cientifica\/","title":{"rendered":"Home"},"content":{"rendered":"<h1 style=\"text-align: center;\">A REVISTA<\/h1>\n<hr \/>\n<p>&nbsp;<\/p>\n<p style=\"text-align: justify;\">A UNAR &#8211; Revista Cient\u00edfica do Centro Universit\u00e1rio de Araras \u201cDr. Edmundo Ulson\u201d \u00e9 um peri\u00f3dico eletr\u00f4nico semestral, de car\u00e1ter multidisciplinar, e divulga artigos acad\u00eamico-cient\u00edficos de pesquisadores vinculados ao UNAR e a outras institui\u00e7\u00f5es.<\/p>\n<p style=\"text-align: justify;\">De acesso gratuito e sem fins lucrativos, este ve\u00edculo de divulga\u00e7\u00e3o est\u00e1 dispon\u00edvel a todos os leitores interessados em acompanhar as pr\u00e1ticas de pesquisa desenvolvidas em diversas \u00e1reas, em suas diferentes linhas. A multidisciplinaridade que orienta a elabora\u00e7\u00e3o do peri\u00f3dico tem como prop\u00f3sito salientar os pontos de contato existentes entre os campos de investiga\u00e7\u00e3o.<\/p>\n<p style=\"text-align: justify;\">Op\u00f5e-se, desse modo, a certa vis\u00e3o das \u00e1reas de pesquisa como limites estanques.<br \/>\nA escolha do meio eletr\u00f4nico para a publica\u00e7\u00e3o se fundamenta na democratiza\u00e7\u00e3o representada pelo n\u00famero crescente de usu\u00e1rios da Internet. Al\u00e9m do acesso pleno dos leitores aos conte\u00fados publicados, a Revista Eletr\u00f4nica UNAR proporciona a pesquisadores deste Centro Universit\u00e1rio e de demais institui\u00e7\u00f5es uma oportunidade a mais para a divulga\u00e7\u00e3o de seus trabalhos. Estes s\u00e3o avaliados por membros do Conselho Editorial, respons\u00e1veis pela aprova\u00e7\u00e3o dos artigos ou pela sugest\u00e3o de altera\u00e7\u00f5es consideradas necess\u00e1rias. Ressalte-se, no entanto, que os textos publicados s\u00e3o de responsabilidade exclusiva dos autores.<\/p>\n<p style=\"text-align: justify;\">Gostar\u00edamos de enfatizar nosso agradecimento aos participantes, que tornam poss\u00edvel esta publica\u00e7\u00e3o, e damos boas-vindas a colabora\u00e7\u00f5es futuras. Projetada sob o signo do di\u00e1logo, a Revista UNAR constitui-se como espa\u00e7o aberto ao interc\u00e2mbio de experi\u00eancias e reflex\u00f5es.<\/p>\n","protected":false},"excerpt":{"rendered":"<p>A REVISTA &nbsp; A UNAR &#8211; Revista Cient\u00edfica do Centro Universit\u00e1rio de Araras \u201cDr. Edmundo Ulson\u201d \u00e9 um peri\u00f3dico eletr\u00f4nico semestral, de car\u00e1ter multidisciplinar, e divulga artigos acad\u00eamico-cient\u00edficos de pesquisadores vinculados ao UNAR e a outras institui\u00e7\u00f5es. De acesso gratuito e sem fins lucrativos, este ve\u00edculo de divulga\u00e7\u00e3o est\u00e1 dispon\u00edvel a todos os leitores interessados [&hellip;]<\/p>\n","protected":false},"author":1,"featured_media":0,"parent":0,"menu_order":0,"comment_status":"open","ping_status":"open","template":"full-width-page.php","meta":{"_mi_skip_tracking":false},"_links":{"self":[{"href":"http:\/\/revistaunar.com.br\/cientifica\/wp-json\/wp\/v2\/pages\/12"}],"collection":[{"href":"http:\/\/revistaunar.com.br\/cientifica\/wp-json\/wp\/v2\/pages"}],"about":[{"href":"http:\/\/revistaunar.com.br\/cientifica\/wp-json\/wp\/v2\/types\/page"}],"author":[{"embeddable":true,"href":"http:\/\/revistaunar.com.br\/cientifica\/wp-json\/wp\/v2\/users\/1"}],"replies":[{"embeddable":true,"href":"http:\/\/revistaunar.com.br\/cientifica\/wp-json\/wp\/v2\/comments?post=12"}],"version-history":[{"count":2,"href":"http:\/\/revistaunar.com.br\/cientifica\/wp-json\/wp\/v2\/pages\/12\/revisions"}],"predecessor-version":[{"id":544,"href":"http:\/\/revistaunar.com.br\/cientifica\/wp-json\/wp\/v2\/pages\/12\/revisions\/544"}],"wp:attachment":[{"href":"http:\/\/revistaunar.com.br\/cientifica\/wp-json\/wp\/v2\/media?parent=12"}],"curies":[{"name":"wp","href":"https:\/\/api.w.org\/{rel}","templated":true}]}}