{"id":454,"date":"2019-09-19T13:19:50","date_gmt":"2019-09-19T13:19:50","guid":{"rendered":"http:\/\/revistaunar.com.br\/cientifica\/?page_id=454"},"modified":"2019-09-24T15:07:08","modified_gmt":"2019-09-24T15:07:08","slug":"volume-18-no-1-2019","status":"publish","type":"page","link":"http:\/\/revistaunar.com.br\/cientifica\/volumes-publicados\/volume-18-no-1-2019","title":{"rendered":"Volume 18 \u2013 N\u00ba 1 \u2013 2019"},"content":{"rendered":"<p style=\"text-align: center; font-size: 28px;\"><strong><u>Volume 18 \u2013 N\u00ba 1 \u2013 2019<\/u><\/strong><\/p>\n<p><strong>SUM\u00c1RIO<\/strong>:<\/p>\n<p style=\"text-align: justify;\"><strong><a href=\"https:\/\/revistaunar.com.br\/cientifica\/documentos\/vol18_n1_2019\/1_ A_TECNOLOGIA_DA_INFORMACAO_E_COMUNICACAO_COMO_FACILITADORA_DO_APRENDIZADO_PELO_ALUNO_SURDO.pdf\" target=\"_blank\">1 &#8211; A TECNOLOGIA DA INFORMA\u00c7\u00c3O E COMUNICA\u00c7\u00c3O COMO FACILITADORA DO APRENDIZADO PELO ALUNO SURDO<\/a> &#8211; <\/strong>Gabriela Fernanda Dias Vicente, Marta Aparecida Oliveira Vicentin Nunes e Beatriz Aparecida Da Costa<\/p>\n<p style=\"text-align: justify;\"><strong><a href=\"https:\/\/revistaunar.com.br\/cientifica\/documentos\/vol18_n1_2019\/2_DISCUSSOE_SOBRE_DESAFIOS_E_POSSIBILIDADES_DA_INCLUSAO_E_DO_ENSINO_BILINGUE.pdf\" target=\"_blank\">2 &#8211; DISCUSS\u00d5ES SOBRE DESAFIOS E POSSIBILIDADES DA INCLUS\u00c3O E DO ENSINO BIL\u00cdNGUE PARA OS ALUNOS SURDOS NA REDE REGULAR DE ENSINO<\/a> &#8211; <\/strong>Gabriela Fernanda Dias Vicente, Patr\u00edcia Kelly Mercadante e J\u00falia Eug\u00eania Gon\u00e7alves<\/p>\n<p style=\"text-align: justify;\"><strong><a href=\"https:\/\/revistaunar.com.br\/cientifica\/documentos\/vol18_n1_2019\/3_POSSIBILIDADES_EDUCATIVAS_DAS_TECNOLOGIAS_DA_INFORMACAO_E_COM_UNICACAO.pdf\" target=\"_blank\">3 &#8211; POSSIBILIDADES EDUCATIVAS DAS TECNOLOGIAS DA INFORMA\u00c7\u00c3O E COMUNICA\u00c7\u00c3O <\/em><\/a> &#8211; <\/strong>Thalita Gama Da Silva Costa, Ana Paula Carrocci da Silva<\/p>\n<p><strong><a href=\"https:\/\/revistaunar.com.br\/cientifica\/documentos\/vol18_n1_2019\/4_O_JOGO_STOP_ MATEMATICO_COMO_METODOLOGIA_PARA_O_ENSINO_DE_OPERACOES_MATEMATICAS.pdf\" target=\"_blank\">4 &#8211; O JOGO \u201cSTOP MATEM\u00c1TICO\u201d COMO METODOLOGIA PARA O ENSINO DE OPERA\u00c7\u00d5ES MATEM\u00c1TICAS<\/a> &#8211; <\/strong>Bruno Rog\u00e9rio Ferro<\/p>\n<p style=\"text-align: justify;\"><strong><a href=\"https:\/\/revistaunar.com.br\/cientifica\/documentos\/vol18_n1_2019\/5_A_IMPORTANCIA_DA_COORDENACAO_MOTORA_PARA_O.pdf\" target=\"_blank\">5 &#8211; A IMPORT\u00c2NCIA DA COORDENA\u00c7\u00c3O MOTORA PARA O DESENVOLVIMENTO COGNITIVO DA CRIAN\u00c7A<\/a> &#8211; <\/strong>Ana Paula Apolari, Franciele Vanessa Viel , Washington Luiz Spolidori e Jo\u00e3o Paulo Apolari<\/p>\n<p style=\"text-align: justify;\"><strong><a href=\"https:\/\/revistaunar.com.br\/cientifica\/documentos\/vol18_n1_2019\/6_A_IMPORTANCIA_DO_DOCENTE_PARA_O_ENSINO_SUPERIOR.pdf\" target=\"_blank\">6 &#8211; A IMPORT\u00c2NCIA DO DOCENTE PARA O ENSINO SUPERIOR<\/a> &#8211; <\/strong>Juliana Maria Pavan e Eva Sandra Monteiro Cipola<\/p>\n<p style=\"text-align: justify;\"><strong><a href=\"https:\/\/revistaunar.com.br\/cientifica\/documentos\/vol18_n1_2019\/7_A_IMPORTANCIA_DO_ENSINO_DE_ARTE_NA_ESCOLA_E_SUA_RELACAO.pdf\" target=\"_blank\">7 &#8211; A IMPORT\u00c2NCIA DO ENSINO DE ARTE NA ESCOLA E SUA RELA\u00c7\u00c3O COM AS DEMAIS \u00c1REAS DO CONHECIMENTO<\/a> &#8211; <\/strong>Andrio Rodrigo Melon e Eva Sandra Monteiro Cipola<\/p>\n<p style=\"text-align: justify;\"><strong><a href=\"https:\/\/revistaunar.com.br\/cientifica\/documentos\/vol18_n1_2019\/8_O_LUDICO_NO_ENSINO_DE_CIENCIAS_CONHECENDO_AS_VITAMINAS_PELOS_JOGOS.pdf\" target=\"_blank\">8 &#8211; O LUDICO NO ENSINO DE CIENCIAS: CONHECENDO AS VITAMINAS PELOS JOGOS<\/a> &#8211; <\/strong>Bruno Rog\u00e9rio Ferro<\/p>\n<p style=\"text-align: justify;\"><strong><a href=\"https:\/\/revistaunar.com.br\/cientifica\/documentos\/vol18_n1_2019\/9_A_IMPORTANCIA_DO_LUDICO_NAS_SERIES_INICIAIS_DO_ENSINO_FUNDAMENTAL.pdf\" target=\"_blank\">9 &#8211; A IMPORT\u00c2NCIA DO L\u00daDICO NAS S\u00c9RIES INICIAIS DO ENSINO FUNDAMENTAL<\/a> &#8211; <\/strong>Bruno Rog\u00e9rio Ferro e Franciele Vanessa Viel<\/p>\n<p style=\"text-align: justify;\"><strong><a href=\"https:\/\/revistaunar.com.br\/cientifica\/documentos\/vol18_n1_2019\/10_A_IMPORTANCIA_DO_RETORNO_DA_DISCIPLINA_DE_SOCIOLOGIA_NO_ENSINO_MEDIO.pdf\" target=\"_blank\">10 &#8211; A IMPORT\u00c2NCIA DO RETORNO DA DISCIPLINA DE SOCIOLOGIA NO ENSINO M\u00c9DIO<\/a> &#8211; <\/strong>Patr\u00edcia Luciana de Melo Alves<\/p>\n<p style=\"text-align: justify;\"><strong><a href=\"https:\/\/revistaunar.com.br\/cientifica\/documentos\/vol18_n1_2019\/11_ALFABETIZACAO_LUDICA_NA_EDUCACAO_INFANTIL.pdf\" target=\"_blank\">11 &#8211; ALFABETIZA\u00c7\u00c3O L\u00daDICA NA EDUCA\u00c7\u00c3O INFANTIL<\/a> &#8211; <\/strong>Andrio Rodrigo Mellon e Franciele Vanessa Viel<\/p>\n<p style=\"text-align: right; font-size: 12px;\"><a href=\"https:\/\/revistaunar.com.br\/cientifica\/volumes-publicados\">VOLTAR<\/a><\/p>\n","protected":false},"excerpt":{"rendered":"<p>Volume 18 \u2013 N\u00ba 1 \u2013 2019 SUM\u00c1RIO: 1 &#8211; A TECNOLOGIA DA INFORMA\u00c7\u00c3O E COMUNICA\u00c7\u00c3O COMO FACILITADORA DO APRENDIZADO PELO ALUNO SURDO &#8211; Gabriela Fernanda Dias Vicente, Marta Aparecida Oliveira Vicentin Nunes e Beatriz Aparecida Da Costa 2 &#8211; DISCUSS\u00d5ES SOBRE DESAFIOS E POSSIBILIDADES DA INCLUS\u00c3O E DO ENSINO BIL\u00cdNGUE PARA OS ALUNOS SURDOS [&hellip;]<\/p>\n","protected":false},"author":1,"featured_media":0,"parent":24,"menu_order":20,"comment_status":"closed","ping_status":"closed","template":"full-width-page.php","meta":{"_mi_skip_tracking":false},"_links":{"self":[{"href":"http:\/\/revistaunar.com.br\/cientifica\/wp-json\/wp\/v2\/pages\/454"}],"collection":[{"href":"http:\/\/revistaunar.com.br\/cientifica\/wp-json\/wp\/v2\/pages"}],"about":[{"href":"http:\/\/revistaunar.com.br\/cientifica\/wp-json\/wp\/v2\/types\/page"}],"author":[{"embeddable":true,"href":"http:\/\/revistaunar.com.br\/cientifica\/wp-json\/wp\/v2\/users\/1"}],"replies":[{"embeddable":true,"href":"http:\/\/revistaunar.com.br\/cientifica\/wp-json\/wp\/v2\/comments?post=454"}],"version-history":[{"count":12,"href":"http:\/\/revistaunar.com.br\/cientifica\/wp-json\/wp\/v2\/pages\/454\/revisions"}],"predecessor-version":[{"id":492,"href":"http:\/\/revistaunar.com.br\/cientifica\/wp-json\/wp\/v2\/pages\/454\/revisions\/492"}],"up":[{"embeddable":true,"href":"http:\/\/revistaunar.com.br\/cientifica\/wp-json\/wp\/v2\/pages\/24"}],"wp:attachment":[{"href":"http:\/\/revistaunar.com.br\/cientifica\/wp-json\/wp\/v2\/media?parent=454"}],"curies":[{"name":"wp","href":"https:\/\/api.w.org\/{rel}","templated":true}]}}